site number?
True
Let n = 23542 + -15357. Is n a prime number?
False
Let t = -26 - -22. Let m be (-7 + t)/(1/50). Let i = 1029 + m. Is i a composite number?
False
Suppose 4*t + 2*d - 31036 = -11722, -3*t + 3*d + 14490 = 0. Is t prime?
False
Suppose 5*j + 4*g = 6914, 3*j - 2*g = 8*j - 6922. Suppose -49 + j = 7*c. Is c prime?
True
Is 52675/30 - -1 - (-3)/18 a composite number?
True
Let l = -703 + 272. Let n = l + 769. Suppose -3*o + 2261 = n. Is o a prime number?
True
Let j(l) = -l**3 + 25*l**2 + 116*l + 39. Is j(29) a prime number?
False
Suppose -10717 = 2*v - 2*n - 42829, -32116 = -2*v - 2*n. Is v prime?
True
Suppose 0 = -2*s + 1 + 7. Suppose -947 = -3*i + 2*c, -4*i + i = 3*c - 927. Suppose -s*y + 195 = -i. Is y prime?
True
Let f(x) = -x**3 - 5*x**2 + 7*x. Let r(k) = -k**3 - 6*k**2 + 8*k + 1. Let a(l) = -5*f(l) + 4*r(l). Is a(3) composite?
False
Suppose -r = 2*v - 3293, 0 = 10*r - 13*r + 3. Is v composite?
True
Let u(d) = 20*d**2 + 14*d + 69. Is u(16) composite?
False
Let t(k) = 26*k**2 - 4*k - 7. Let y be t(4). Suppose -y = -7*a + 699. Suppose 6*v = -a + 1494. Is v a prime number?
True
Suppose -5703 = -v + 4*k, -3*k - 26 = -41. Is v prime?
False
Suppose -95 = 12*k + 1. Let w(l) = -l**3 + 3*l**2 - 3*l - 15. Is w(k) a composite number?
True
Suppose 101595 = 5*o - 4*z, -4*o + 2*z + 94481 = 13199. Is o composite?
False
Let g be 68/3 - (-8)/(-12). Let j(m) = g*m - 19*m - 43*m - 1. Is j(-1) prime?
False
Let d(h) = -2*h + 7*h - 2*h - 7 + h + 14*h**2. Is d(3) composite?
False
Suppose 10633 = 5*k + 2*r, 2*r = -k - 0*r + 2125. Is k a composite number?
True
Let u = 847 - -2262. Is u a composite number?
False
Let u be (11/22)/(2/28). Let p(t) = -t**2 + 10*t - 17. Let r be p(u). Let z(d) = 8*d**2 - 4*d + 11. Is z(r) prime?
False
Let q = 23634 + -7874. Suppose 4*x - q = p, 0 = -4*x - p - p + 15772. Is x prime?
False
Let u(p) be the third derivative of 53*p**6/40 - p**5/60 + p**3/6 + 27*p**2. Is u(1) prime?
False
Is (5 + 12)*2473 - -12 prime?
False
Suppose 0 = x + x - 20. Let a = x + 3. Is a composite?
False
Let n be ((-216)/((-16)/(-4)))/1. Suppose -5*o - 7 = -4*o. Let m = o - n. Is m prime?
True
Suppose 0 = 5*g - 48417 - 10898. Is g prime?
True
Let p(y) be the third derivative of -y**6/8 - 7*y**5/60 - 5*y**4/12 - 23*y**3/6 + 14*y**2. Is p(-4) composite?
True
Suppose 6*s = 5*s - 177. Let k = s + 553. Suppose 0 = -m - h + k, 5*h - 1507 = -4*m - 0*h. Is m a composite number?
False
Suppose 4*x = -640 - 1244. Let o = -280 - x. Is o a composite number?
False
Let w be ((-10)/(-3))/((-28)/(-42)). Suppose -w*b = -3*o + 522, -5*b = -o + 5*o - 661. Suppose 0 = -x + t - 12 + o, -3*t = -3. Is x composite?
True
Let q = 34 - 28. Is 4339/q + (-2)/12 a prime number?
False
Suppose 0 = -3*m + 5*k + 387 - 71, 4*k + 408 = 4*m. Is m composite?
False
Let w(f) = -f**3 + 4*f**2 + 6*f + 3. Suppose 0 = 2*u - u - 5. Let n be w(u). Let z(r) = r**3 - 7*r**2 + 6*r + 10. Is z(n) a composite number?
True
Suppose 103*g + 3814 = 105*g. Let i = 1202 + g. Is i prime?
True
Let p(i) = i - 12. Let l be p(10). Let t(a) = 112*a**2 + 3*a + 5. Is t(l) composite?
True
Is (-51)/34*(-25156)/6 composite?
True
Let m be -1 + -4 + 2 + 3. Suppose q = 5*c + 74 + 128, m = -2*q - 5*c + 449. Is q a composite number?
True
Suppose -5*x - m = -0*m + 58, 0 = 5*x + 4*m + 67. Let i(h) = 8*h + 8*h - 24*h - 5 - 4. Is i(x) a prime number?
True
Suppose 0*k + 24659 = 3*k - r, 0 = -4*k - 2*r + 32872. Is k a composite number?
False
Suppose 4*f + 3*h - 14338 - 7076 = 0, 4*f = 4*h + 21428. Is f/91 - (-4)/26 prime?
True
Suppose -5*p + 310 = -45. Let a = p - 459. Is (-12)/(-3) - 1 - a composite?
True
Let b = -5861 + 26434. Is b a composite number?
True
Suppose 18724 = 2*r - 8614. Is r composite?
False
Is (23 + 3499)*(-2)/(-4) a composite number?
True
Let c(v) = -103 - 33*v + 70 + 8*v - 7*v. Is c(-15) composite?
True
Suppose 246980 = 12*d - 93448. Is d prime?
False
Let d(t) = -t**2 - 10*t + 49. Let j be d(-24). Let a = -164 - j. Is a a composite number?
True
Suppose u = -t + 10219, 5*u + 2*t - 7683 = 43424. Is u a composite number?
False
Is 919386/108 + -3*1/(-18) composite?
False
Let s = -63521 + 119392. Is s a prime number?
True
Let h be ((-2 - -22) + -1)/(-1). Let q = h + 21. Is q/(18/(-777))*-3 composite?
True
Suppose 16905 = 5*v + 4540. Is v a prime number?
True
Suppose -2*r + 4*v + 36866 = 0, -4*v - 6329 = -r + 12104. Is r a prime number?
True
Suppose 0 = -3*u + 3*v - 5 + 2, -v = -3*u + 1. Suppose 4 - u = a. Suppose 5*k - 601 = 3*t, 0 = 3*k - k - a*t - 244. Is k a composite number?
True
Let v(i) = -i + 4. Let m be v(-1). Suppose m*u = 10924 - 2269. Is u a composite number?
True
Suppose -4*i - 5*u = -47 - 283, 0 = 2*i + u - 162. Suppose -3*f - f + i = 0. Let j = 69 + f. Is j prime?
True
Suppose 4*s + 3921 - 573 = 0. Let p = -344 - s. Is p prime?
False
Suppose 5*y = 6 + 9. Let d = 1538 + 549. Suppose 5*r = 10, -r - d = -5*b + y*r. Is b a prime number?
True
Let a = -118 - -123. Suppose 510 = 2*n - 4*r, 0 = -0*n + a*n + 4*r - 1289. Is n composite?
False
Suppose 5*f - 35 = -5*y, 0*y = y - f + 1. Suppose -3*u + 2*j + y*j + 1327 = 0, u = -5*j + 469. Is u composite?
False
Let u be (1*2)/((-8)/(-1156)). Let q(n) = n**3 + 9*n**2 - 4*n + 2. Let r be q(-6). Let c = u - r. Is c composite?
True
Let r(f) = 18*f + 223. Let a be r(-12). Let b(l) = 96*l + 7. Let m(t) = -96*t - 8. Let v(x) = 7*b(x) + 6*m(x). Is v(a) a composite number?
False
Let g be -58 + (0 - (1 - 3)). Let j = g - -273. Is j a composite number?
True
Suppose -219*g + 222*g - 70743 = 0. Is g prime?
True
Let j(i) = -30*i - 29. Suppose 5*r + 56 = 2*g, -3*g + 68 - 19 = -4*r. Is j(r) prime?
True
Suppose -8459 = -5*r + 2*j, -5*r + j + 1148 + 7314 = 0. Suppose -r - 669 = -g. Let m = g + -1395. Is m a prime number?
True
Let z be 5 + 10 + -6 + -7. Suppose -3*w = -3*b + 4*b + 13, 21 = 3*b - 3*w. Suppose -b*c + z*l = -82, -3*l = -0*c + 5*c - 173. Is c a prime number?
True
Suppose -4 = -3*h + 44. Let o = -12 + h. Suppose -150 - 694 = -o*a. Is a composite?
False
Let x(d) = 7*d. Let c(a) = -a + 1. Let f(y) = -6*c(y) + x(y). Let p(t) = -3*t - 2. Let j be p(-3). Is f(j) a composite number?
True
Let b be 3 + ((-5)/5 - 7). Is (-38313)/(-54) + b/2 prime?
False
Suppose 3*g + 170268 = 31*g. Is g composite?
True
Suppose 3 + 0 = o. Let c(r) = 80*r**2 - 5*r - 6. Let l be c(o). Suppose -l = 13*k - 16*k. Is k a composite number?
False
Suppose 15*s + 59577 = 18*s. Is s composite?
True
Suppose 0 = 21*a - 262108 - 289373. Is a a composite number?
False
Suppose -2*j + 530 = 2*t, -4*j + 292 = t + 27. Let z = t - 12. Is z composite?
True
Suppose 0 = -2*n + 2*d + d + 48, -5*n = 4*d - 97. Let i be 1546/14 - n/49. Suppose 12*s + i = 14*s. Is s a prime number?
False
Let a = -160 + 413. Is a composite?
True
Suppose 19 = 4*t + 3*j, -2*j + 12 = 2*t + 2*j. Is -673*(21/(-35) + t/(-10)) composite?
False
Let z = 96 - -238. Suppose -819 = -5*v - 2*d, 8*v = 6*v - 4*d + z. Is v prime?
True
Let h be 5/((-100)/(-15))*4. Suppose -2*r - 2*r - 4*c = -2348, h*c - 2935 = -5*r. Is r prime?
True
Suppose 9*i - 32055 = 53598. Is i composite?
True
Let r be 3/6 + 12/8. Suppose 0 = -s - r + 6. Suppose 0 = -5*o + s*a + 383, -5*a - 412 = -5*o - 32. Is o composite?
False
Let t(g) = -107*g + 4729. Is t(0) prime?
True
Let b = 46598 - 28485. Is b a prime number?
False
Suppose -4*u + 231 = -u. Suppose 0 = 5*c - 3*d - 371, -u = -5*c + 4*c + 2*d. Let n = 16 + c. Is n prime?
True
Let x = -14 + 37. Let m = x - 17. Is 2*(0 + 417/m) prime?
True
Suppose -n + 4 = 2*h, h - 1 = -0. Suppose -4*s = n*z - 1274, 3*z + 2*s + 1301 = 3220. Is z a prime number?
True
Let a(h) = 1543*h - 13. Let b be a(4). Suppose -4*r - b = -7*r. Is r a prime number?
True
Let h(x) = 9*x - 14. Let m be h(6). Let d = 693 - m. Is d a prime number?
True
Let f = 465 + -816. Let k = -100 - f. Is k a composite number?
False
Suppose 2*w - 4 = 2. Let x(z) = z. Let j be x(w). Is (0 + j)*(-3246)/(-18) a composite number?
False
Let i(k) = k**2 + 2*k - 13. Let g be i(6). Let r be 15/6*28/g. Is 306/27*15/r a prime number?
False
Let q(d) = d - 4. Let n(y) = y - 4. Let a(i) = 6*n(i) - 4*q(i). Let r be a(6). Suppose -320 = -4*u - 4*p, -4*p = -r*u - 2*p + 314. Is u composite?
False
Let p = -328 - -210. Is (-37)/(-2)*p*-1 prime?
False
Let l(f) = 2*f**2 + 52 - 11*f - 45 + 29*f. Is l(-15) 